*k + 2. Let p be (t/(40/(-12)))/((-9)/(-225)). Let x = 14 + 61. Calculate the greatest common factor of x and p.
15
Suppose 5*a + 8 - 573 = 0. Calculate the highest common divisor of a and 5424.
113
Let x be (-2)/((-8)/6)*104/39. Let v = 13 + -4. Let y = v + 3. What is the highest common factor of y and x?
4
Suppose -13 = -3*d + 2. Suppose 3*f - 174 = -3*h, -d*h - 74 = f - 372. Suppose -8*n + 48 = -4*n. What is the greatest common factor of h and n?
12
Let s = 230 - 227. Suppose y = -0*y - s*g, -44 = -4*y - g. Suppose 0 = 4*q - 48 - 96. Calculate the greatest common factor of q and y.
12
Let u = -25 + 28. Suppose 3*d = 5*y - 112, -u*y - 2*y = -4*d - 116. Suppose -39*f = -3213 + 1263. What is the greatest common divisor of f and y?
10
Let t be ((-1)/(-2))/((-52)/(-208)) - (-230)/2. Calculate the greatest common factor of t and 9477.
117
Suppose -6*i + 5*y = -4*i + 2101, -3*y + 5262 = -5*i. Let w = i - -1532. Let m = w + -319. Calculate the highest common divisor of 20 and m.
20
Let a = -459 + 1075. Suppose 4*z - 2*w + 0*w = a, 0 = -3*z - 4*w + 440. Suppose -z = -5*s - 3*s. What is the highest common divisor of 57 and s?
19
Let y = -7005 - -7019. What is the greatest common factor of 343 and y?
7
Let x = -1760 - -2992. Suppose -20*l = -27*l + x. What is the highest common divisor of 11 and l?
11
Let t(x) = -6*x**3 - x**2 + 1. Let y be t(2). Let i be 4/6 - 2006/y. Calculate the highest common divisor of i and 5.
5
Let t(c) = 818*c + 8228. Let j be t(-10). What is the greatest common factor of 2544 and j?
48
Let k be (1/2)/(2/16). Let b be -3*20*194/24. Let q = b - -553. Calculate the highest common factor of k and q.
4
Suppose -9*i + 3*i = -30. Suppose -i*x + 1670 = -0*x. Suppose -11*n + x = -150. What is the highest common divisor of 33 and n?
11
Suppose -432 + 417 = k. Let j be -44*5/15*k/20. Suppose -q = -4*q + 33. Calculate the greatest common factor of j and q.
11
Suppose -5*x + 21*f - 18*f + 3030 = 0, -2424 = -4*x - 5*f. What is the greatest common factor of 6 and x?
6
Let n(c) = 4*c**3 + 3*c**2 - 9. Let x be n(-4). Let d = 224 + x. Suppose 6*v - 5*h - 75 = 4*v, 5*h + 5 = 0. What is the highest common divisor of v and d?
7
Suppose 67*r = 3617 + 4088. What is the highest common divisor of r and 8303?
23
Let u(w) = w**3 - 12*w**2 - 25*w + 11. Let z be u(14). Suppose -4*o = -z - 135. What is the highest common factor of o and 329?
47
Suppose 0 = -2*s - 10 + 62. Let g(r) = 3*r**3 + 7*r**2 + 14*r - 28. Let o be g(6). Let a = -670 + o. Calculate the greatest common factor of s and a.
26
Let b = 126 - 126. Suppose b = 4*o - 20 - 4. Suppose 4*t = -o*t + 40. What is the greatest common divisor of t and 4?
4
Let f(y) = y + 26. Let o be f(17). Let l = o + -37. Suppose -4*p + 3*w + 47 = 0, 5*w + l = -19. Calculate the highest common factor of 4 and p.
4
Suppose -4*y = -22 - 74. Suppose 64*m + 1505 - 225 = 0. Let g = y + m. Calculate the greatest common divisor of 40 and g.
4
Suppose -11925*h + 11916*h + 180360 = 0. Calculate the highest common factor of 5 and h.
5
Suppose 53*r - 52054 = 205*r - 147662. What is the greatest common divisor of r and 1147?
37
Let r = -16 + 30. Suppose 3*g - 74*t - 462 = -76*t, 0 = -9*t. Calculate the greatest common divisor of g and r.
14
Let s = -2038 + 2041. Calculate the highest common factor of 22 and s.
1
Let s = 45 + -36. Suppose -2*x + 9 - 1 = 0. Suppose 309 = 5*v - 3*d, 0*v - x*d = 4*v - 260. What is the greatest common factor of s and v?
9
Suppose 0 = 62*t - 561 - 1299. What is the greatest common factor of 4110 and t?
30
Let f(y) = -27*y - 4. Let q = 133 - 134. Let z be f(q). What is the highest common divisor of z and 46?
23
Suppose -8*a + 11*a = 1482. Let x(d) = 2*d**2 + 4*d + 10. Let j be x(-4). Calculate the highest common divisor of a and j.
26
Let d = 399 - -204. Calculate the highest common factor of 67 and d.
67
Let w(p) = 10*p**2 + 5*p - 4. Let b be w(3). Let r = 597 - 468. Let c = r - b. Calculate the greatest common divisor of c and 8.
4
Let i(d) = -7*d**3 - 64*d**2 - 11*d - 13. Let t be i(-9). Suppose 5*c - 1910 = 6*s - 11*s, -t*s + 374 = c. Calculate the greatest common divisor of 72 and c.
24
Suppose -2 = -2*m, -12 = -2*v - 0*m - 4*m. What is the greatest common factor of 782 and v?
2
Let u(s) = -199*s + 244. Let o be u(1). Suppose -2*d = 0, -2*w - 81 + 7 = -4*d. Let a = o + w. Calculate the greatest common factor of a and 40.
8
Let b be (-680)/15*(2 - 75/6). What is the greatest common divisor of 204 and b?
68
Let m be ((-20)/(-2) + -2)/(-24 - 265848/(-11076)). Calculate the greatest common divisor of 104 and m.
52
Suppose 9 = b - 25. Let i be (1 + -6)*(1 - 0) - -3. Let k be (-2 - 4)/i - (1 + -83). Calculate the greatest common factor of k and b.
17
Let o be (16 - (-8 - -16))*(1 - 0). Calculate the greatest common divisor of o and 204.
4
Let p be (34/51)/(2/72). Suppose -5*r - b = -16, 3*r - 6*b + 3*b = p. Let d be r/10 - ((-818)/5 + 2). What is the highest common factor of d and 18?
18
Let k(q) = 25*q + 30. Suppose -36 = -7*d + 6. Let f be k(d). Calculate the greatest common factor of 20 and f.
20
Suppose -3*b + 60 = -0*b. Suppose -33*p = -45*p + 900. Suppose -6*w + 555 = p. Calculate the highest common factor of w and b.
20
Let r be (9 - 3) + 6/12*678. Let c = r + -344. What is the greatest common divisor of c and 16?
1
Let s be (-159 + 162)*(-2 - -822). Calculate the highest common divisor of s and 287.
41
Suppose 3*f = -4*r + 9, -f + 4*f - r - 9 = 0. What is the highest common divisor of 411 and f?
3
Let d = 163748 + -114229. What is the highest common divisor of d and 23?
23
Let p be (-966)/(-92)*(0 + (6 - -1) - 1). Calculate the greatest common divisor of p and 207.
9
Let r(v) = -v**3 - 10*v**2 + 92*v - 51. Let u be r(-16). What is the highest common factor of u and 2483?
13
Let m be ((-16)/10 + 12/(-105))*-210. Calculate the highest common factor of m and 1062.
18
Let i = -6313 - -6966. What is the highest common divisor of i and 1?
1
Let o be ((-14)/(-8))/((-32)/(-47616)). Suppose 0 = -8*j + 10*j - o. Calculate the highest common factor of j and 42.
42
Let h be ((-3)/9)/((-6)/(-1818)). Let f = 102 + h. Let t be f*((-2)/(4/6) + 6). Calculate the highest common factor of t and 33.
3
Let l = -8 + 12. Let d be l/(0 + 2)*1. Suppose 3*r + 2*y + 37 = 213, d*r - 128 = -4*y. Calculate the greatest common divisor of 7 and r.
7
Suppose -139 - 5 = -g + 4*r, -846 = -5*g - r. Suppose -4*o + 176 = -2*o. Let i = o - 46. Calculate the greatest common factor of g and i.
42
Let f be -17*(-23)/1564 - (-438)/8. What is the greatest common divisor of 352 and f?
11
Let v be (3 - (-77)/(-21) - (0 + 1))*-11757. What is the highest common factor of v and 5?
5
Let x(z) = z**3 + 2*z**2 - z + 2. Let q = -64 + 158. Suppose 4*f + 86 = q. Let t be x(f). Calculate the highest common divisor of 4 and t.
4
Let d(n) = n + 64. Let s be d(-19). Suppose -3*w - 5*p = -5, p + 17 = 5*w - 2*w. What is the greatest common divisor of w and s?
5
Let f(p) = -p - 48. Let b(n) = 2*n + 145. Let i(g) = -4*b(g) - 14*f(g). Let j be i(-11). What is the highest common divisor of j and 13?
13
Let j(d) = 3*d**2 - 5. Let i be j(-7). Suppose 40 = l + 4*m, -2 = 5*l + 5*m - i. Let a = 8521 - 8329. What is the greatest common factor of l and a?
24
Let z = -343 - -778. Suppose 0 = r + 427 - z. Calculate the greatest common divisor of r and 72.
8
Let b be (-2)/(-3) + (-3674)/(-6). Let l = 753 - b. What is the highest common divisor of l and 160?
20
Let d be (49 - 10 - 5) + -16. What is the highest common factor of d and 4590?
18
Let p be 4/(-14) - (-2)/((-56)/3212). Let o = p - -175. What is the greatest common divisor of o and 420?
60
Let b(w) = -w**2 + 13*w - 35. Let x be b(6). Let u be (-80)/(x/28*-1). Calculate the highest common factor of 20 and u.
20
Let r = 662 - 669. Let i(c) = c**3 + 6*c**2 - 7*c + 9. Let z be i(r). Calculate the greatest common divisor of z and 306.
9
Let z(m) = 18*m**2 - 139*m + 27. Let w be z(9). What is the highest common divisor of w and 650?
26
Let u(t) = -6*t + 8. Let w be u(6). Let j be w/(-35) - 423/(-15). Let b = 95 - 37. What is the highest common divisor of b and j?
29
Suppose -12*z + 18*z = 648. Let f be (-25)/(-5) - (-4)/(-1) - -47. What is the greatest common divisor of z and f?
12
Let k = 49 - 44. Suppose -